*x + 2*x + 20 = 0. Suppose x*h + 3 = i, -7*h + 3*h - 5*i = 14. Determine l(h).
1
Let s(b) = 8*b**2 + b + 1. Let q be (2 + 1 - 1) + 3. Suppose 7*v - 2*v = -q. What is s(v)?
8
Let s be 1 + 4/(-2) + 4. Let j(w) = -1. Let a(x) = x**3 - 2*x**2 - 3*x - 5. Let g(k) = a(k) - 2*j(k). Give g(s).
-3
Suppose -4*h + 2 = -10. Suppose -h*u = -4*x + 8*x - 5, 0 = -3*u - 3*x + 3. Let o be -5 + 7 - (-1 - u). Let l(q) = 2*q - 1. What is l(o)?
3
Let v(t) = -14*t**3 - 26*t**2 - 29*t - 9. Let w(f) = -5*f**3 - 9*f**2 - 10*f - 3. Let c(i) = 4*v(i) - 11*w(i). Let b be 6/(-2 + 2/4). What is c(b)?
5
Let g(i) = i**2 + 1. Let h(x) = -x**3 - 8*x**2 - 8. Let b(t) = t - 8. Let n be b(-10). Let k(u) = n*g(u) - 2*h(u). Determine k(2).
6
Let b(l) = -2*l - 3. Let v be b(-3). Let o(g) = 2*g - 1 - v*g - g + 7*g**2. Suppose -3*y = y + 4. What is o(y)?
8
Let l(u) be the third derivative of u**5/60 - 5*u**4/24 - 5*u**3/6 + 3*u**2. Let y(x) = -3*x**2 + 9*x + 10. Let p(h) = -5*l(h) - 2*y(h). What is p(-4)?
-7
Let f(q) = -3*q - q - 3 + 3*q + 0. Give f(3).
-6
Let h(r) = 4*r - 6. Let x(u) = -3*u + 7. Let n(l) = 2*h(l) + 3*x(l). Calculate n(6).
3
Let s(u) = u + 1. Let j(g) = -5*g - 4. Let o(a) = j(a) + 6*s(a). Let x be ((-1)/2)/((-1)/(-10)). Let f be o(x). Let h(c) = -c + 4. Give h(f).
7
Let w(n) = n**2 + 6*n - 2. Let s = 12 + -11. Suppose z = 2*r - s - 7, -3*r + 21 = -3*z. Calculate w(z).
-2
Let n(r) = r**2 - 5*r - 19. Let k be n(7). Let u(s) = -s + 2. Determine u(k).
7
Suppose 0 = 5*a - 2*d - 22, 0 = 5*a + d - 2*d - 26. Suppose -a*v = -11*v + 25. Let h(p) = 2 - 4 + 2*p + 0*p - p**3 + 5*p**2. What is h(v)?
8
Suppose 0 = 5*t - 5*h + 55, -t + 0*t = 5*h - 19. Let u(o) = 6 - o + 2*o - 1. Determine u(t).
-1
Let h(d) be the third derivative of d**4/24 + 13*d**3/6 - 34*d**2. Give h(-10).
3
Let r(n) be the first derivative of n**2/2 + 8*n - 3. Let q be r(-10). Let j be q + 3 - (1 - -2). Let c(l) = -3*l + 1. What is c(j)?
7
Let o(b) be the second derivative of b**5/30 - b**4/24 + b**3/2 - 3*b. Let k(i) be the second derivative of o(i). Determine k(-2).
-9
Let t(a) = -5*a + 1 - a + 4*a + a. Let j be t(3). Let z(k) = -k**2 - 2*k - 2. Calculate z(j).
-2
Let c(p) = -18*p + 4 + 1 + 16*p - 1. Give c(-3).
10
Let i(m) = 2*m**3 - 2*m**2 + m + 1. Let f be i(1). Let t(l) = l - 2. Give t(f).
0
Let p be -3 - ((-24)/3)/1. Let l(d) = 0 + 3*d + 5 - 4*d**2 + 3*d**2. Determine l(p).
-5
Let s(n) = 2*n + 1. Suppose 12 = w + 2*h, 4*w + 2*h - 8 = 16. Give s(w).
9
Let p(g) = 3*g - 53 + 59 + 0*g. Calculate p(-4).
-6
Let i(c) = c - 5. Let k(y) = 4 - 2 - 1 + y + y. Let p be k(2). Give i(p).
0
Suppose -12*c = -14*c + 10. Let g(k) = 0*k + c - 7*k + k + k**2. Give g(6).
5
Suppose -5*t = -5*x - 10, 8*t + 4*x = 4*t. Suppose -4*l + 5 = -3. Let b(z) = -1 - 7*z**l - 5 - z + 3 + 4. Calculate b(t).
-7
Let v be (-3*6/27)/(6/(-9)). Let i(p) = -p**2 - 6*p + 2. Let j be i(-6). Let z(f) = -j*f + 1 + v - 2. Determine z(2).
-4
Suppose 3*t = 24 - 36. Let r(i) = -3*i**3 - 3*i**2 + 8*i + 5. Let w(v) = 0*v**3 + v**3 - v + 0*v**3. Let d(z) = -r(z) - 2*w(z). Determine d(t).
3
Suppose 0 = 7*b - 52 + 31. Let u(d) be the second derivative of 0 - b*d - 1/20*d**5 - 1/4*d**4 - d**2 + 1/6*d**3. Determine u(-2).
-8
Let b(q) = 1 + 19*q - 2 - 21*q. Calculate b(-6).
11
Let i(j) = -j**2 - 1 + 5*j**3 - j + 5*j - 6*j. Suppose 0 = 3*x + 3 - 0. Calculate i(x).
-5
Let w(a) = a + 3. Suppose -4*f - f + 10 = 0. Let r be ((-5)/f)/((-4)/(-8)). Give w(r).
-2
Let u(r) = -r**2 - 12. Let q(z) = -z - 5. Let y be q(-8). Suppose y*x + x = 0. Calculate u(x).
-12
Let m(s) = s**3 + 123*s + 4*s**2 - 121*s + s**2. What is m(-5)?
-10
Let m = 18 - 13. Suppose d + i = 5*d - 5, m*d - 25 = -5*i. Let q(r) = 21 - r - 12 - 8. What is q(d)?
-1
Let r(h) = h**3 - h**2 + h + 1. Let n(c) = 5*c**3 - 4*c**2 + 3*c + 1. Let s(i) = -n(i) + 4*r(i). Give s(0).
3
Let u(q) = q**3 + 3*q**2 - 6*q - 5. Suppose -3*p = p + 16. Calculate u(p).
3
Let a be -2 - -1 - (-8 + 2). Let o(t) = t + 2. Let m be o(a). Let j(p) = 0*p**2 + 2*p**2 - 6*p**2 - m*p + p**3 + 4. Determine j(5).
-6
Let m(l) = l**2 - 4 + 3*l + 4*l + 0*l**2. Let u be m(-8). Let i(t) be the third derivative of -t**6/120 + t**5/12 - t**4/6 + t**3/2 + t**2. Give i(u).
3
Let n(c) be the first derivative of c**3/3 + 5*c**2/2 + 5*c - 2. Suppose 1 = -4*l + 17. Suppose 3*b - 7*b = l*g + 40, -4*b - 20 = 0. Calculate n(g).
5
Let z(n) = n**2 - n. Let d be z(-3). Suppose -d = 4*t, 5*t = -k - 3 - 5. Let r = -12 + k. Let b(m) = -m**2 - 5*m - 4. Determine b(r).
-4
Let v(q) be the second derivative of q**3 + q**2/2 + 46*q. Give v(-2).
-11
Let f(x) = -2*x + 5. Let v be -2*4/(4/(-3)). Let c(s) = -4*s + 9. Let h(b) = v*c(b) - 11*f(b). Let a = 4 + -5. Give h(a).
1
Let f(i) be the second derivative of -i**5/20 - i**4/12 - i**3/6 - 2*i**2 + i. Give f(0).
-4
Let t(i) = i - 7. Suppose 5*s - 4*o = -18, -s + o = 4*o - 4. Let d(l) = 2*l**2 + 0*l - l + 3*l. Let w be d(s). What is t(w)?
-3
Let c(d) = -5 + 1 + 3 + 5*d**2 + d. Suppose -5*s = -16 + 1. Let t = -2 + s. What is c(t)?
5
Let j(s) = -7*s**3 - 2*s**2 + 6*s - 5. Let l(m) = 22*m**3 + 6*m**2 - 17*m + 14. Let u(g) = 11*j(g) + 4*l(g). What is u(1)?
12
Let n(p) = -p**2 + p - 6. Suppose -5*k + 4*k = 10*k. Determine n(k).
-6
Let v(p) be the second derivative of -p**5/20 + p**4/4 - p**3/6 + 3*p**2/2 + 10*p. Let r be -9*(1 + 12/(-9)). Determine v(r).
0
Let k(f) = f**3 + 5*f**2 + 6*f + 1. Suppose -2 - 22 = 6*r. Determine k(r).
-7
Suppose -3*f + 11 = 26, -129 = -4*r + 5*f. Let s(u) = u**2 + 5 - r*u + 26*u. What is s(0)?
5
Let b be (2 + 0)/((-2)/(-4)). Suppose b*y = -0*y - 8. Let h(o) = -o**2 + 1. Let m(g) = -6*g**2 - 2*g + 4. Let x(q) = 10*h(q) - 2*m(q). Calculate x(y).
2
Let i(y) = -y**2 - 7*y - 3. Let h be i(-6). Suppose -2*n + h*n = -1. Let r(b) = 4*b**3 - 1. Give r(n).
-5
Suppose 20 = -2*n - 3*n. Let o(x) = 5*x**2 + 7*x + 7. Let s(v) = 4*v**2 + 6*v + 6. Let y(c) = -3*o(c) + 4*s(c). Give y(n).
7
Let m(a) = -6*a**2 + a - 3. Let n(x) = -5*x**2 - 2. Let b(d) = -6*m(d) + 7*n(d). Let l(r) = 3*r - 8. Let k be l(4). Determine b(k).
-4
Let n(d) = d**2 + d + 6. Suppose 0 = 3*k - 2*k - 3*b, 0 = 5*b. What is n(k)?
6
Let f(g) = 2*g**2 + g. Suppose -7*v + 3 = -4*v. Give f(v).
3
Let u(a) = 2*a**3 - 9*a**2 + 9*a - 5. Let c be -8 + (-2 + -6)/(-2). Let d(p) = -p**3 + 5*p**2 - 5*p + 3. Let z(v) = c*u(v) - 7*d(v). Give z(2).
-7
Suppose -q + 1 = -1. Let f(s) = q - 2 + 2*s + 0*s. Determine f(3).
6
Let y be (-1 - -2) + 8 + 0 + -2. Let s(i) = -3*i**2 + 9*i - 10. Let w(v) = 13*v**2 - 36*v + 40. Let h(n) = 9*s(n) + 2*w(n). What is h(y)?
4
Let j = -89 - -99. Let f(x) = -x**3 + 11*x**2 - 9*x - 6. Calculate f(j).
4
Let n(b) = 3*b + 4. Let u(i) = -i**3 + 5*i**2 + 7*i - 1. Let c be u(6). Let x = c - 3. Let f(g) = g. Let l(q) = x*f(q) - n(q). Give l(-5).
1
Let i(j) be the third derivative of -j**4/8 + j**3 + 13*j**2. What is i(5)?
-9
Let r(b) = 6*b**2 - 3*b - 1. Let w(i) = -11*i**2 + 6*i + 1. Let o(u) = 5*r(u) + 3*w(u). Suppose -2 = -3*d + 4. Give o(d).
-8
Suppose -o + 2 = -2. Suppose o*t + 3 = 5*t. Let s(z) = z**3 - 2*z**2 - 2*z. What is s(t)?
3
Let a(n) = 64 - 4*n + 75 - 132 + 2*n. What is a(6)?
-5
Let c(d) = d**2 + 3*d + 2. Let q be c(-3). Let k(m) = m**2 + 2 + 5*m - 2*m**q + 0*m. Suppose 5*b + 10 = 0, -5*l + 4 = -b - 23. Give k(l).
2
Let q(t) be the third derivative of -t**4/6 - t**3/3 - t**2. What is q(2)?
-10
Let a(q) = q**2 + 6 - 4*q**2 - 3*q**2 + 0*q - 2*q + q**3. Give a(6).
-6
Let z(t) = t**2 - t - 1. Let r be 3 - (1 + 0 + 3). Let d(y) = -y**3 - 3*y**2 + 9*y + 5. Let v(u) = r*d(u) - 5*z(u). What is v(3)?
-3
Let g(b) be the third derivative of -b**4/24 + b**2. Suppose -5*p + 3*p + 4*n - 4 = 0, -p - 2*n - 10 = 0. Let v = -10 - p. What is g(v)?
4
Let o(j) = -j**2 - j - 8. Let m(p) = 1. Let h(v) = -5*m(v) - o(v). Let r be h(0). Suppose -q + 4 = -r*q - 3*y, 0 = -y. Let i(x) = -x**2 + x. Calculate i(q).
-6
Let r(l) = l**3 - l**2 + l - 8. Let d be r(0). Let n(i) = i**3 + 8*i**2 + i + 8. Let z be n(d). Let b(h) = -h - 2 + 2*h - 2*h. What is b(z)?
-2
Let h(i) = i**2 - 8*i + 6. Let v be 9/((-231)/(-126) + 2/(-6)). Calculate h(v).
-6
Let k be 3/15 + 18/10. Let y = k - 5. Let l(g) = 5*g - 7. Let i(h) = -4*h + 6. Let u(c) = -4*i(c) - 3*l(c). Give u(y).
-6
Let o(h) = -3*h + 4*h + 8 - 18. Determine o(8).
-2
Let l = 3 - -1. Let t(z) = z**3 - 11*z + 2*z**2 + 1